e w(l).
2
Let d(m) = -m**2 - 2*m + 1. Let i(h) = -10*h + 363. Let v be i(36). Suppose -14*a + 11 = -v. Calculate d(a).
-2
Let p = 522 + -522. Suppose -y - 4*f + 16 = p, -f - 18 = 2*y - 3*f. Let s(n) = -2*n**2 - n + 5. What is s(y)?
-23
Let c(i) be the first derivative of -2*i + 54 + 5/2*i**2. Give c(2).
8
Let l = 20 + -8. Let p(d) = 7*d**3 + 9*d**2 + 10. Let s(z) = 2*z**3 - z**2 + 3*z + 4. Let f(c) = p(c) - 4*s(c). What is f(l)?
-6
Let m(l) = -6*l**2 - 209*l + 32. Let c = 6015 + -6050. Calculate m(c).
-3
Let s(c) = c**2 - 12*c + 5. Suppose 23*n - 9*n = 266. Suppose -n*q - 10 = -20*q. Give s(q).
-15
Let z(t) = 3*t - 5. Let k(r) = -r**3 + 20*r**2 - 36*r - 9. Let g be k(18). What is z(g)?
-32
Let f(d) = 2*d + 13. Let m(t) = 7 + 35*t**2 - 38*t**2 + 2*t + t**3 + t - 2*t**3. Let u be m(-2). What is f(u)?
7
Let n(c) = c**2 + 59*c + 68. Let z(w) = -w**2 - 11*w + 1. Let u(q) = -n(q) - 2*z(q). Determine u(-2).
8
Let v be ((-1)/11)/((-25)/((-2475)/(-54))). Let k(c) be the second derivative of v*c**3 + 0 + 1/20*c**5 + 0*c**4 + 7*c**2 + 10*c. What is k(0)?
14
Let q(h) be the third derivative of h**4/12 + 5*h**3/6 - 15*h**2. Let y be q(0). Let i(g) = -129*g**2 - y - g + g**3 + 129*g**2. Determine i(0).
-5
Let l(q) = q**3 + 8*q**2 + 7. Let x = -414 - -774. Suppose -40*b = 5*b + x. What is l(b)?
7
Let n(v) = 2*v**3 - 6*v**2 - 36*v - 15. Let s(i) = -i**3 + 6*i**2 + 27*i + 15. Let r(h) = -2*n(h) - 3*s(h). What is r(-7)?
97
Suppose 5*w + 20 = 0, 3*q - 4 + 1 = -3*w. Let a(f) = 8 + 4*f + 2*f - 5*f - 12 + q. Suppose 0 = -j - 2*j + 12. Calculate a(j).
5
Let l(f) = -13*f**3 - 26*f**2 - 117*f - 67. Let w(z) = -36*z**3 - 80*z**2 - 352*z - 197. Let r(y) = -11*l(y) + 4*w(y). Give r(-30).
-21
Let u = -4 + 5. Let o(g) = -15*g**3 - 3*g**2 - 3*g + 4. Let v(f) = 16*f**3 + 4*f**2 + 4*f - 5. Let n = 184 - 188. Let k(t) = n*o(t) - 3*v(t). What is k(u)?
11
Let x = 154 + -160. Let h(m) = -m**3 - 2. Let r(y) = 7*y**3 - 10*y**2 - y + 26. Let s(t) = x*h(t) - r(t). Calculate s(10).
-4
Suppose 8 = -11*p + 52. Suppose a - 5 = -p*h, -2 = -h - 3*h - 2*a. Let j(v) = -3*v**2 + 2*v**2 - v**3 - 7*v - 5*v**2 + 4 - 2*v**h. Determine j(-7).
4
Let y = 426 + -405. Suppose 3*f - y = m, -4*m + f + 22 - 51 = 0. Let c(q) = -2*q - 15. What is c(m)?
-3
Let n(v) = v**2 - v - 13. Let u(y) = -y**2 - 7*y + 18. Let h be u(2). What is n(h)?
-13
Let w(h) = 7 + 7 + 13 - h**3 - 5*h**2 - 25 - 3*h. Let p be (-10)/(2 - 1 - 3). Suppose 2*l + p = 3*v + 2, 2*v = l + 1. Give w(l).
-7
Suppose 0 = a - 16*a + 15. Suppose 10*c + a - 21 = 0. Suppose -c*h - 3*h - 15 = 0, 0 = 2*o - 3*h + 3. Let l(k) = -k**2 - 5*k - 6. Give l(o).
-12
Let k(w) = -3*w**2 - 11*w + 7. Suppose 0 = -24*i - 125 + 5. Give k(i).
-13
Let w(x) = -x**2 + 3*x - 1. Let v(j) = j**2 + j + 3. Let r be v(6). Suppose -8*g + 11*g - r = 0. Let l be 2/(-2 + g/6). Give w(l).
-5
Let j(r) = -r**2 - 24*r + 32. Let f = -8446 + 8421. Calculate j(f).
7
Let t(h) = 0*h**2 - 5*h + h - 8*h - 12 + 5*h**2 + 3*h. Let o(b) = 8*b**2 - 19*b - 26. Let m(p) = -3*o(p) + 5*t(p). What is m(-9)?
-9
Let u = -42 - -40. Let t(v) be the first derivative of 1/2*v**2 + 20 + 4*v. What is t(u)?
2
Let x(b) = 7*b - 39. Let r(l) = 24*l - 123. Let m(y) = 2*r(y) - 7*x(y). Determine m(-8).
35
Let i(x) = -4*x**2 - x - 1. Suppose -7*w - 2*w - 9 = 0. Let c be i(w). Let s(g) = -g. Let j(l) = -l**2 - 8*l + 2. Let m(z) = j(z) - 4*s(z). Give m(c).
2
Let j be -3*3/7 - 6/(-21). Let n(d) be the first derivative of d**2/2 + d + 6. Let m(b) = 7*b + 4. Let o(t) = j*m(t) + 3*n(t). What is o(4)?
-17
Let p(w) = 20*w**2 - 6*w - 13. Let t(o) = -23*o**2 + 7*o + 16. Let h(l) = -5*p(l) - 4*t(l). Give h(0).
1
Let v(q) = 7*q**3 - q**2 - q + 1. Suppose p - 2*p + 8 = 2*u, p - 14 = -3*u. Suppose u*y + 24 - 6 = 0. Let o be (2/y)/(2/(-3)). What is v(o)?
6
Let r be (-8)/(-16) - 39/(-6). Let d(q) = -q**2 - 11*q + 6. Let w(f) = -2*f**2 - 13*f + 6. Let x(p) = 3*d(p) - 2*w(p). Give x(r).
6
Let l(h) = 4*h**3 + 4*h**2 - 2. Let q(u) = 937*u - 5624. Let s be q(6). What is l(s)?
-18
Let i(l) = -13*l**3 + 10*l**2 - 23*l - 85. Let d(t) = -46*t**3 + 30*t**2 - 71*t - 253. Let k(r) = -2*d(r) + 7*i(r). Give k(-11).
-1
Let s(y) = 133*y + 37. Let l(t) = -176*t - 36. Let a(r) = -3*l(r) - 4*s(r). Give a(-8).
-8
Suppose -2*v = 83*v - 425. Let b(p) be the third derivative of 0 + 0*p**4 - 1/120*p**6 - 1/2*p**3 + 35*p**2 + 1/20*p**v + 0*p. Calculate b(3).
-3
Let m(z) = -5*z**3 - 13*z**2 - 6*z + 3. Let i(s) = -7*s**3 - 16*s**2 - 7*s + 4. Let r(l) = 4*i(l) - 5*m(l). Calculate r(-2).
25
Let o be (-2)/(-9) - (-25)/9. Suppose -n + 3*s = 2, -o*n - 6*s + s = -8. Let t(m) = n + 1 + 3*m + m - 3*m. Give t(3).
5
Suppose 16*z - 33*z - 6 = -40. Let p(x) be the first derivative of 8 - z*x - 3/2*x**2. Calculate p(5).
-17
Suppose 4*j - 28 = 4*g, 0 = -2*g - 15*j + 11*j + 22. Let f(c) = 74*c - 1. Give f(g).
-75
Suppose -5 = -3*i - 2*k, -k + 6 = 4*i + 2*k. Let l(p) = 11*p + 2 - i - 2*p - 6*p + 7*p. Determine l(-1).
-11
Suppose -2*f + c = -71, -4*f - 91 + 268 = 5*c. Let y = -39 + f. Let x(d) = -1. Let w(k) = 2*k**2 - 4. Let s(h) = y*w(h) + 5*x(h). Determine s(-2).
-9
Let c(m) = 7*m + 4. Let g(s) = -7*s - 3. Let k(p) = -5*c(p) - 6*g(p). Suppose -74 = h - 76. Let o be 10*5/150*3*h. What is k(o)?
12
Let k(t) = -84*t - t**2 - 2*t**2 + 648 + 6*t**2 - 643. Determine k(28).
5
Let f(k) = 5*k**3 + 6*k - 13. Let a be (5 + 81/(-18))/(1/26). Let v(m) = -11*m**3 - 13*m + 28. Let u(p) = a*f(p) + 6*v(p). Determine u(0).
-1
Let j be (1 - -1)*130/52. Suppose 24*x - 29*x - j = 0. Let r(m) = -m**3 - m - 2. Give r(x).
0
Let y(t) = 36*t + 6. Suppose -2*r - 12 = 3*p, -p + r - 14 = -15. Give y(p).
-66
Let m(o) = -14*o + 38*o + 5*o**2 + 14 + 22*o**3 - 15 - 2*o**3 - 21*o. Determine m(-1).
-19
Let h(v) = v + 1. Suppose 7*m + 240 = -418. Let t = -75 - m. Suppose -19 = 5*i - t. Determine h(i).
1
Let x(b) = -2*b**3 + 2*b**2 + 5*b - 4. Let f(p) be the first derivative of -p**2/2 - 19*p - 234. Let j be f(-22). Determine x(j).
-25
Let v be 0/((-14)/7 - -3). Suppose -5*d + 15 = v, 4*j + 5*d - 36 = j. Let c(t) be the first derivative of 3*t**2/2 - 6*t - 2. Give c(j).
15
Let q(r) = r**3 - 4*r - 3. Let c be q(-2). Let i(b) = -2*b - 2. Let k(d) be the first derivative of d**2 + 3*d + 215. Let u(z) = c*k(z) - 4*i(z). What is u(2)?
3
Let l(y) = -y**3 + 13. Suppose -6 = 520*n - 523*n. Suppose 20 = -3*g + 4*q, 0 = -25*g + 23*g + n*q - 10. Calculate l(g).
13
Let x(o) = -7*o + 153. Let d = -20138 - -20161. What is x(d)?
-8
Let n(b) = 4*b + 3. Let t(o) = -20*o - 16. Let f(j) = 16*n(j) + 3*t(j). Let x be (-71 - -69)*(-2)/1. What is f(x)?
16
Let i(p) = -2*p**2 + 39*p + 61. Suppose -3556*t - 56 = -3558*t - 14. Determine i(t).
-2
Let b = -705 - -699. Let s(h) = 2*h + 15. Determine s(b).
3
Let n be (572/273 - -3) + (-4)/42. Let c(b) = -b**2 + 9*b - 5. What is c(n)?
15
Let v(z) = -612*z - 618*z - 632*z + 2*z**2 + 1845*z - 6. Calculate v(10).
24
Suppose -4*s - 2*q + 0 + 4 = 0, -5*s = -3*q - 5. Suppose 5*x - s - 14 = 0. Suppose -x - 6 = 3*z. Let v(w) = w**3 + 2*w**2 - 3*w - 3. Determine v(z).
-3
Let a(h) = h**2 - 9*h. Let z be (-118)/(-29) + (-31)/((-3596)/(-8)). What is a(z)?
-20
Let z(t) = 24*t**2 + 4*t + 14. Let n(r) = 23*r**2 + 3*r + 14. Let k(c) = 7*n(c) - 6*z(c). Let b(l) = 8*l**2 - 2*l + 7. Let d(q) = 13*b(q) - 6*k(q). Give d(5).
17
Suppose 0 = 5*s + 51 - 1. Let y be (-24)/s + (-4)/10. Let f(v) = 0 - 93*v**2 - 2*v - v**3 + 96*v**y - 1. Give f(3).
-7
Let l(c) = -17*c - 20*c + 41*c + 3. Let d(k) = -k. Let a(t) = 9*t - 8. Let i be a(1). Let p(g) = i*l(g) + 6*d(g). What is p(-3)?
9
Let j(z) = z**2 + 1. Let m be (-6)/8*((-28)/(-4) - 43). Suppose m*s + 105 = 6*s. Give j(s).
26
Let o(i) = -3*i + 6. Let b(h) = -132 + 258 - 127 + h. Let u(r) = -4*b(r) - o(r). Let p be 3 - (12 + 2)/2. Give u(p).
2
Suppose -2*w - 6 = -2*t, -2*w + 19 = 38*t - 35*t. Let z(n) = -4 + 6 + 0 - 4*n + 4*n**2. Determine z(w).
10
Let s = 19 - 12. Let b(z) = s*z - z**3 - 45 + 48 - 3*z**2 - 4*z**2. Give b(-8).
11
Let f(b) = 5*b + 1. Let j(n) = 5*n. Let m(t) = -4*f(t) + 5*j(t). Let o(d) = 17*d - 218. Let z be o(13). Give m(z).
11
Let h be -2*(-1 + 0) - 5. Let q(y) = y**3 + 5*y**2 + 4*y - 4. Let r be q(h). Let z be (11 + -6)*2/5*r. Let u(w) = w**3 - 4*w**2 - 3*w + 6. What is u(z)?
-6
Let v = 7 + -5. Suppose 0 = -4*d, 2*d - 12 = -v*u - 0*u. Let p(c) = -